{"id":77,"date":"2024-01-04T11:43:30","date_gmt":"2024-01-04T10:43:30","guid":{"rendered":"https:\/\/pt-am-pferd.de\/?page_id=77"},"modified":"2025-04-24T21:47:11","modified_gmt":"2025-04-24T19:47:11","slug":"unser-angebot","status":"publish","type":"page","link":"https:\/\/pt-am-pferd.de\/?page_id=77","title":{"rendered":"Unser Angebot"},"content":{"rendered":"\n<div class=\"wp-block-media-text is-stacked-on-mobile\"><figure class=\"wp-block-media-text__media\"><img loading=\"lazy\" decoding=\"async\" width=\"768\" height=\"1024\" src=\"https:\/\/pt-am-pferd.de\/wp-content\/uploads\/2024\/01\/IMG_8863-1-768x1024.jpeg\" alt=\"\" class=\"wp-image-84 size-full\" srcset=\"https:\/\/pt-am-pferd.de\/wp-content\/uploads\/2024\/01\/IMG_8863-1-768x1024.jpeg 768w, https:\/\/pt-am-pferd.de\/wp-content\/uploads\/2024\/01\/IMG_8863-1-225x300.jpeg 225w, https:\/\/pt-am-pferd.de\/wp-content\/uploads\/2024\/01\/IMG_8863-1-1152x1536.jpeg 1152w, https:\/\/pt-am-pferd.de\/wp-content\/uploads\/2024\/01\/IMG_8863-1-1536x2048.jpeg 1536w, https:\/\/pt-am-pferd.de\/wp-content\/uploads\/2024\/01\/IMG_8863-1-scaled.jpeg 1920w\" sizes=\"auto, (max-width: 768px) 100vw, 768px\" \/><\/figure><div class=\"wp-block-media-text__content\">\n<details class=\"wp-block-details is-layout-flow wp-block-details-is-layout-flow\"><summary>Achtsamkeitsspazierg\u00e4nge<\/summary>\n<p>Spazierg\u00e4nge in der Natur gemeinsam mit dem Pferd helfen Ihnen beim Durchatmen und zur Ruhe finden.<\/p>\n\n\n\n<div style=\"height:100px\" aria-hidden=\"true\" class=\"wp-block-spacer\"><\/div>\n<\/details>\n\n\n\n<details class=\"wp-block-details is-layout-flow wp-block-details-is-layout-flow\"><summary>Onko-Walk<\/summary>\n<p>Dieses Angebot richtet sich speziell an Menschen mit und nach einer Krebserkrankung, die gemeinsam mit dem Pferd heilen m\u00f6chten.<\/p>\n\n\n\n<p>Ankommen. Durchatmen. Gesund werden.<\/p>\n<\/details>\n\n\n\n<details class=\"wp-block-details is-layout-flow wp-block-details-is-layout-flow\"><summary>Trauerbegleitung<\/summary>\n<p>Wir begleiten Sie in Ihrem eigenen Prozess nach pers\u00f6nlichem Verlust <\/p>\n<\/details>\n<\/div><\/div>\n\n\n\n<div class=\"wp-block-media-text has-media-on-the-right is-stacked-on-mobile\"><div class=\"wp-block-media-text__content\">\n<details class=\"wp-block-details is-layout-flow wp-block-details-is-layout-flow\"><summary>Gezielte pferdegest\u00fctzte psychotherapeutische Intervention<\/summary>\n<p>Was auch immer Sie belastet &#8211; in einem pers\u00f6nlichen Gespr\u00e4ch k\u00f6nnen wir einen gezielten Behandlungsplan erstellen.<\/p>\n\n\n\n<div style=\"height:100px\" aria-hidden=\"true\" class=\"wp-block-spacer\"><\/div>\n<\/details>\n\n\n\n<details class=\"wp-block-details is-layout-flow wp-block-details-is-layout-flow\"><summary>Selbsterfahrung<\/summary>\n<p>Selbsterfahrungsangebote f\u00fcr Menschen in sozialen Berufen (Sozialarbeiter*innen, Psycholog*innen, Erzieher*innen etc.) mit und auf dem Pferd<\/p>\n<\/details>\n<\/div><figure class=\"wp-block-media-text__media\"><img loading=\"lazy\" decoding=\"async\" width=\"966\" height=\"938\" src=\"https:\/\/pt-am-pferd.de\/wp-content\/uploads\/2024\/01\/IMG_9378.jpeg\" alt=\"\" class=\"wp-image-82 size-full\" srcset=\"https:\/\/pt-am-pferd.de\/wp-content\/uploads\/2024\/01\/IMG_9378.jpeg 966w, https:\/\/pt-am-pferd.de\/wp-content\/uploads\/2024\/01\/IMG_9378-300x291.jpeg 300w, https:\/\/pt-am-pferd.de\/wp-content\/uploads\/2024\/01\/IMG_9378-768x746.jpeg 768w\" sizes=\"auto, (max-width: 966px) 100vw, 966px\" \/><\/figure><\/div>\n\n\n\n<div style=\"height:100px\" aria-hidden=\"true\" class=\"wp-block-spacer\"><\/div>\n\n\n\n<div class=\"wp-block-media-text is-stacked-on-mobile\" style=\"grid-template-columns:55% auto\"><figure class=\"wp-block-media-text__media\"><img loading=\"lazy\" decoding=\"async\" width=\"1024\" height=\"856\" src=\"https:\/\/pt-am-pferd.de\/wp-content\/uploads\/2024\/01\/IMG_9406-1024x856.jpeg\" alt=\"\" class=\"wp-image-108 size-full\" srcset=\"https:\/\/pt-am-pferd.de\/wp-content\/uploads\/2024\/01\/IMG_9406-1024x856.jpeg 1024w, https:\/\/pt-am-pferd.de\/wp-content\/uploads\/2024\/01\/IMG_9406-300x251.jpeg 300w, https:\/\/pt-am-pferd.de\/wp-content\/uploads\/2024\/01\/IMG_9406-768x642.jpeg 768w, https:\/\/pt-am-pferd.de\/wp-content\/uploads\/2024\/01\/IMG_9406-1536x1284.jpeg 1536w, https:\/\/pt-am-pferd.de\/wp-content\/uploads\/2024\/01\/IMG_9406-2048x1712.jpeg 2048w\" sizes=\"auto, (max-width: 1024px) 100vw, 1024px\" \/><\/figure><div class=\"wp-block-media-text__content\">\n<details class=\"wp-block-details is-layout-flow wp-block-details-is-layout-flow\"><summary>Teambildende Angebote<\/summary>\n<p>Ein leistungsstarkes Team ist ein Geschenk und harte Arbeit. Wir bringen Sie dahin auf den Weg.<\/p>\n<\/details>\n<\/div><\/div>\n\n\n\n<div style=\"height:100px\" aria-hidden=\"true\" class=\"wp-block-spacer\"><\/div>\n\n\n\n<p>Preise der unterschiedlichen Angebote richten sich nach Anforderung und Aufwand.<\/p>\n\n\n\n<p>In der Regel ist ein Erstgespr\u00e4ch auf 35 \u20ac und die Therapieeinheit auf 95 \u20ac dotiert.<\/p>\n\n\n\n<p>In einigen F\u00e4llen gibt es auch die M\u00f6glichkeit der Finanzierung \u00fcber die Krankenkasse, die Eingliederungshilfe oder andere Tr\u00e4ger. <\/p>\n\n\n\n<p>Bitte sprechen Sie mich dazu gern an.<\/p>\n","protected":false},"excerpt":{"rendered":"<p>Preise der unterschiedlichen Angebote richten sich nach Anforderung und Aufwand. In der Regel ist ein Erstgespr\u00e4ch auf 35 \u20ac und die Therapieeinheit auf 95 \u20ac dotiert. In einigen F\u00e4llen gibt es auch die M\u00f6glichkeit der Finanzierung \u00fcber die Krankenkasse, die Eingliederungshilfe oder andere Tr\u00e4ger. Bitte sprechen Sie mich dazu gern an.<\/p>\n","protected":false},"author":1,"featured_media":0,"parent":0,"menu_order":0,"comment_status":"closed","ping_status":"closed","template":"","meta":{"footnotes":""},"class_list":["post-77","page","type-page","status-publish","hentry"],"_links":{"self":[{"href":"https:\/\/pt-am-pferd.de\/index.php?rest_route=\/wp\/v2\/pages\/77","targetHints":{"allow":["GET"]}}],"collection":[{"href":"https:\/\/pt-am-pferd.de\/index.php?rest_route=\/wp\/v2\/pages"}],"about":[{"href":"https:\/\/pt-am-pferd.de\/index.php?rest_route=\/wp\/v2\/types\/page"}],"author":[{"embeddable":true,"href":"https:\/\/pt-am-pferd.de\/index.php?rest_route=\/wp\/v2\/users\/1"}],"replies":[{"embeddable":true,"href":"https:\/\/pt-am-pferd.de\/index.php?rest_route=%2Fwp%2Fv2%2Fcomments&post=77"}],"version-history":[{"count":12,"href":"https:\/\/pt-am-pferd.de\/index.php?rest_route=\/wp\/v2\/pages\/77\/revisions"}],"predecessor-version":[{"id":172,"href":"https:\/\/pt-am-pferd.de\/index.php?rest_route=\/wp\/v2\/pages\/77\/revisions\/172"}],"wp:attachment":[{"href":"https:\/\/pt-am-pferd.de\/index.php?rest_route=%2Fwp%2Fv2%2Fmedia&parent=77"}],"curies":[{"name":"wp","href":"https:\/\/api.w.org\/{rel}","templated":true}]}}

<div class="wp-block-media-text is-stacked-on-mobile"><figure class="wp-block-media-text__media"><img loading="lazy" decoding="async" width="768" height="1024" src="https://pt-am-pferd.de/wp-content/uploads/2024/01/IMG_8863-1-768x1024.jpeg" alt="" class="wp-image-84 size-full" srcset="https://pt-am-pferd.de/wp-content/uploads/2024/01/IMG_8863-1-768x1024.jpeg 768w, https://pt-am-pferd.de/wp-content/uploads/2024/01/IMG_8863-1-225x300.jpeg 225w, https://pt-am-pferd.de/wp-content/uploads/2024/01/IMG_8863-1-1152x1536.jpeg 1152w, https://pt-am-pferd.de/wp-content/uploads/2024/01/IMG_8863-1-1536x2048.jpeg 1536w, https://pt-am-pferd.de/wp-content/uploads/2024/01/IMG_8863-1-scaled.jpeg 1920w" sizes="auto, (max-width: 768px) 100vw, 768px" /></figure><div class="wp-block-media-text__content">
<details class="wp-block-details is-layout-flow wp-block-details-is-layout-flow"><summary>Achtsamkeitsspaziergänge</summary>
<p>Spaziergänge in der Natur gemeinsam mit dem Pferd helfen Ihnen beim Durchatmen und zur Ruhe finden.</p>



<div style="height:100px" aria-hidden="true" class="wp-block-spacer"></div>
</details>



<details class="wp-block-details is-layout-flow wp-block-details-is-layout-flow"><summary>Onko-Walk</summary>
<p>Dieses Angebot richtet sich speziell an Menschen mit und nach einer Krebserkrankung, die gemeinsam mit dem Pferd heilen möchten.</p>



<p>Ankommen. Durchatmen. Gesund werden.</p>
</details>



<details class="wp-block-details is-layout-flow wp-block-details-is-layout-flow"><summary>Trauerbegleitung</summary>
<p>Wir begleiten Sie in Ihrem eigenen Prozess nach persönlichem Verlust </p>
</details>
</div></div>



<div class="wp-block-media-text has-media-on-the-right is-stacked-on-mobile"><div class="wp-block-media-text__content">
<details class="wp-block-details is-layout-flow wp-block-details-is-layout-flow"><summary>Gezielte pferdegestützte psychotherapeutische Intervention</summary>
<p>Was auch immer Sie belastet &#8211; in einem persönlichen Gespräch können wir einen gezielten Behandlungsplan erstellen.</p>



<div style="height:100px" aria-hidden="true" class="wp-block-spacer"></div>
</details>



<details class="wp-block-details is-layout-flow wp-block-details-is-layout-flow"><summary>Selbsterfahrung</summary>
<p>Selbsterfahrungsangebote für Menschen in sozialen Berufen (Sozialarbeiter*innen, Psycholog*innen, Erzieher*innen etc.) mit und auf dem Pferd</p>
</details>
</div><figure class="wp-block-media-text__media"><img loading="lazy" decoding="async" width="966" height="938" src="https://pt-am-pferd.de/wp-content/uploads/2024/01/IMG_9378.jpeg" alt="" class="wp-image-82 size-full" srcset="https://pt-am-pferd.de/wp-content/uploads/2024/01/IMG_9378.jpeg 966w, https://pt-am-pferd.de/wp-content/uploads/2024/01/IMG_9378-300x291.jpeg 300w, https://pt-am-pferd.de/wp-content/uploads/2024/01/IMG_9378-768x746.jpeg 768w" sizes="auto, (max-width: 966px) 100vw, 966px" /></figure></div>



<div style="height:100px" aria-hidden="true" class="wp-block-spacer"></div>



<div class="wp-block-media-text is-stacked-on-mobile" style="grid-template-columns:55% auto"><figure class="wp-block-media-text__media"><img loading="lazy" decoding="async" width="1024" height="856" src="https://pt-am-pferd.de/wp-content/uploads/2024/01/IMG_9406-1024x856.jpeg" alt="" class="wp-image-108 size-full" srcset="https://pt-am-pferd.de/wp-content/uploads/2024/01/IMG_9406-1024x856.jpeg 1024w, https://pt-am-pferd.de/wp-content/uploads/2024/01/IMG_9406-300x251.jpeg 300w, https://pt-am-pferd.de/wp-content/uploads/2024/01/IMG_9406-768x642.jpeg 768w, https://pt-am-pferd.de/wp-content/uploads/2024/01/IMG_9406-1536x1284.jpeg 1536w, https://pt-am-pferd.de/wp-content/uploads/2024/01/IMG_9406-2048x1712.jpeg 2048w" sizes="auto, (max-width: 1024px) 100vw, 1024px" /></figure><div class="wp-block-media-text__content">
<details class="wp-block-details is-layout-flow wp-block-details-is-layout-flow"><summary>Teambildende Angebote</summary>
<p>Ein leistungsstarkes Team ist ein Geschenk und harte Arbeit. Wir bringen Sie dahin auf den Weg.</p>
</details>
</div></div>



<div style="height:100px" aria-hidden="true" class="wp-block-spacer"></div>



<p>Preise der unterschiedlichen Angebote richten sich nach Anforderung und Aufwand.</p>



<p>In der Regel ist ein Erstgespräch auf 35 € und die Therapieeinheit auf 95 € dotiert.</p>



<p>In einigen Fällen gibt es auch die Möglichkeit der Finanzierung über die Krankenkasse, die Eingliederungshilfe oder andere Träger. </p>



<p>Bitte sprechen Sie mich dazu gern an.</p>

<p>Preise der unterschiedlichen Angebote richten sich nach Anforderung und Aufwand. In der Regel ist ein Erstgespräch auf 35 € und die Therapieeinheit auf 95 € dotiert. In einigen Fällen gibt es auch die Möglichkeit der Finanzierung über die Krankenkasse, die Eingliederungshilfe oder andere Träger. Bitte sprechen Sie mich dazu gern an.</p>
